-- SQL Dump
--
-- Erstellungszeit: 24. Aug 2023 um 09:01

SET SQL_MODE = "NO_AUTO_VALUE_ON_ZERO";
START TRANSACTION;
SET time_zone = "+00:00";


/*!40101 SET @OLD_CHARACTER_SET_CLIENT=@@CHARACTER_SET_CLIENT */;
/*!40101 SET @OLD_CHARACTER_SET_RESULTS=@@CHARACTER_SET_RESULTS */;
/*!40101 SET @OLD_COLLATION_CONNECTION=@@COLLATION_CONNECTION */;
/*!40101 SET NAMES utf8mb4 */;

--
-- Datenbank: `astra2023`
--

-- --------------------------------------------------------

--
-- Tabellenstruktur für Tabelle `astronom`
--

CREATE TABLE `astronom` (
  `id_astronom` int(10) NOT NULL,
  `name` varchar(100) DEFAULT NULL,
  `vorname` varchar(100) DEFAULT NULL,
  `land` varchar(50) DEFAULT NULL,
  `geboren` datetime DEFAULT NULL,
  `gestorben` datetime DEFAULT NULL
) ENGINE=MyISAM DEFAULT CHARSET=latin1 COLLATE=latin1_swedish_ci;

--
-- Daten für Tabelle `astronom`
--

INSERT INTO `astronom` (`id_astronom`, `name`, `vorname`, `land`, `geboren`, `gestorben`) VALUES
(1, 'von Fraunhofer', 'Joseph', 'Deutschland', '1787-03-06 00:00:00', '1826-06-07 00:00:00'),
(2, 'Hall', 'Asaph', 'USA', '1829-10-15 00:00:00', '1907-11-22 00:00:00'),
(3, 'Christy', 'James W.', 'USA', NULL, NULL),
(5, 'Schwarzschild', 'Karl', 'Deutschland', '1873-10-09 00:00:00', '1916-05-11 00:00:00'),
(6, 'Blair', 'Robert', 'GB', NULL, NULL),
(8, 'Römer', 'Olaf Christensen', 'Dänemark', '1644-08-29 00:00:00', '1710-09-08 00:00:00'),
(9, 'Hamilton', 'William Rowan', 'Irland', '1805-08-04 00:00:00', '1865-09-02 00:00:00'),
(10, 'Palisa', 'Johann', 'Österreich', '1848-12-06 00:00:00', '1925-05-02 00:00:00'),
(11, 'de Lacaille', 'Nicolas Louis', 'Frankreich', '1713-02-23 00:00:00', '1762-03-21 00:00:00'),
(12, 'Pickering', 'Edward Charles', 'USA', '1846-07-19 00:00:00', '1919-02-03 00:00:00'),
(13, 'Hertzsprung', 'Ejnar', 'Dänemark', '1873-10-08 00:00:00', '1967-10-19 00:00:00'),
(14, 'Dollond', 'Peter', 'England', '1731-02-18 00:00:00', '1820-07-02 00:00:00'),
(15, 'Borelli', 'Giovanni Alfonso', 'Italien', '1607-12-23 00:00:00', '1679-12-13 00:00:00'),
(16, 'Galilei', 'Galileo', 'Italien', '1563-12-30 00:00:00', '1641-12-12 00:00:00'),
(17, 'Huygens', 'Christiaan', 'Holland', '1629-03-15 00:00:00', '1695-06-24 00:00:00'),
(18, 'Cassini', 'Giovanni', 'Italien', '1625-05-08 00:00:00', '1712-09-03 00:00:00'),
(19, 'Herschel', 'Wilhelm', 'Deutschland', '1738-11-11 00:00:00', '1822-08-25 00:00:00'),
(20, 'Bond', 'William Cranch', 'USA', '1789-09-09 00:00:00', '1859-01-29 00:00:00'),
(21, 'Lassell', 'William', 'England', '1799-06-18 00:00:00', '1880-10-05 00:00:00'),
(22, 'Kuiper', 'Gerard', 'USA', '1905-12-17 00:00:00', '1973-12-19 00:00:00'),
(24, 'Dunlop', 'James', 'Schottland', '1793-10-31 00:00:00', '1848-09-22 00:00:00'),
(25, 'Fabricius', 'Johanns', 'Deutschland', '1586-11-28 00:00:00', NULL),
(26, 'Galle', 'Johann Gottfried', 'Deutschland', '1812-06-09 00:00:00', '1910-07-10 00:00:00'),
(27, 'Kopernikus', 'Nikolaus', 'Polen', '1472-12-12 00:00:00', '1543-04-03 00:00:00'),
(28, 'Newton', 'Isaac', 'England', '1642-12-08 00:00:00', '1727-03-24 00:00:00'),
(30, 'Hubble', 'Edwin', 'Amerika', '1898-11-20 00:00:00', '1953-09-28 00:00:00'),
(32, 'Kepler', 'Friedrich Johannes', 'Deutschland', '1571-11-12 00:00:00', '1630-10-16 00:00:00'),
(33, 'Showalter', 'Mark R.', NULL, NULL, NULL),
(34, 'Terrile', 'Richard J.', NULL, NULL, NULL),
(35, 'Collins', 'S.', NULL, NULL, NULL),
(36, 'Walker', 'Richard L.', NULL, NULL, NULL),
(37, 'Dollfus', 'Audouin', NULL, NULL, NULL),
(38, 'Charnoz', 'Sébastien', NULL, NULL, NULL),
(39, 'Smith', 'Bradford A.', NULL, NULL, NULL),
(40, 'Pascu', 'Dan', NULL, NULL, NULL),
(41, 'Laques', 'Pierre', NULL, NULL, NULL),
(43, 'Gladman', 'Brett', 'Kanada', '1966-04-19 00:00:00', NULL),
(44, 'Kavelaars', 'John J.', 'Kanada', NULL, NULL),
(45, 'Holman', 'Matthew J.', NULL, NULL, NULL),
(46, 'Spahr', 'Timothy B.', 'USA', NULL, NULL),
(47, 'Sheppard', 'Scott S.', NULL, NULL, NULL),
(48, 'Jewitt', 'David C.', 'England', NULL, NULL),
(49, 'Kleyna', 'Jan', NULL, NULL, NULL),
(50, 'Synnott', 'Stephen', 'USA', NULL, NULL),
(51, 'Barnard', 'Edward E.', 'USA', '1875-12-16 00:00:00', '1923-02-06 00:00:00'),
(52, 'Kowal', 'Charles', 'USA', '1940-11-08 00:00:00', NULL),
(53, 'Roemer', 'Elizabeth', 'USA', NULL, NULL),
(54, 'Perrine', 'Charles Dillon', 'USA', '1867-06-28 00:00:00', NULL),
(55, 'Nicholson', 'Seth Barnes', 'USA', '1891-11-12 00:00:00', '1963-07-02 00:00:00'),
(56, 'Fernández', 'Yanga R.', 'Kanada/Amerika', '1971-06-10 00:00:00', NULL),
(57, 'Allen', 'Lynne', NULL, NULL, NULL),
(58, 'Petit', 'Jean-Marc', 'Frankreich', NULL, NULL),
(59, 'Magnier', 'Eugene A.', NULL, NULL, NULL),
(60, 'Hsieh', 'Henry H.', NULL, NULL, NULL),
(61, 'Melotte', 'Philibert Jacques', 'Belgien', '1880-01-29 00:00:00', '1961-03-30 00:00:00'),
(63, 'Lissauer', 'Jack J.', NULL, NULL, NULL),
(64, 'Karkoschka', 'Erich', NULL, NULL, NULL),
(65, 'Milisavljevic', 'Dan', 'Kanada', NULL, NULL),
(66, 'Nicholson', 'Phil', NULL, NULL, NULL),
(67, 'Burns', 'Joseph', NULL, NULL, NULL),
(68, 'Reitsema', 'Harold J.', NULL, NULL, NULL),
(69, 'Grav', 'Tommy', NULL, NULL, NULL),
(70, 'Fraser', 'Wesley', NULL, NULL, NULL),
(71, 'Scott', 'David', 'USA', '1932-06-06 00:00:00', NULL),
(72, 'Whipple', 'John Adam', 'Massachusetts', '1822-09-10 00:00:00', NULL),
(73, 'Wolf', 'Max', 'Heidelberg', '1863-06-21 00:00:00', '1932-10-03 00:00:00'),
(74, 'Winnecke', 'Friedrich August Theodor', 'Bonn', '1835-02-05 00:00:00', '1897-12-03 00:00:00'),
(75, 'Stöffler', 'Johannes', 'Justingen', '1452-09-27 00:00:00', '1560-12-30 00:00:00'),
(76, 'Hevelius', 'Johannes', NULL, NULL, NULL),
(77, 'Lacaille', NULL, NULL, NULL, NULL),
(78, 'Plancius', NULL, NULL, NULL, NULL),
(79, 'Ptolemaeus', NULL, NULL, NULL, NULL);

-- --------------------------------------------------------

--
-- Tabellenstruktur für Tabelle `atmosphaere`
--

CREATE TABLE `atmosphaere` (
  `id` int(10) NOT NULL,
  `id_planet` int(10) DEFAULT NULL,
  `id_stoff` int(10) DEFAULT NULL,
  `anteil` double(7,2) DEFAULT NULL
) ENGINE=MyISAM DEFAULT CHARSET=latin1 COLLATE=latin1_swedish_ci;

--
-- Daten für Tabelle `atmosphaere`
--

INSERT INTO `atmosphaere` (`id`, `id_planet`, `id_stoff`, `anteil`) VALUES
(1, 3, 1, 20.95),
(2, 3, 2, 78.08),
(3, 3, 4, 0.04),
(4, 4, 4, 95.30),
(5, 4, 2, 2.70),
(6, 4, 3, 1.60),
(7, 4, 1, 0.10),
(8, 1, 5, 22.00),
(9, 1, 6, 6.00),
(10, 1, 1, 42.00),
(11, 1, 7, 29.00),
(12, 2, 4, 96.50),
(13, 2, 2, 3.50),
(14, 5, 5, 89.80),
(15, 5, 6, 10.20),
(16, 5, 8, 0.30),
(17, 5, 9, 0.10),
(18, 6, 5, 93.00),
(20, 6, 6, 7.00),
(21, 7, 5, 82.50),
(22, 7, 6, 15.20),
(23, 7, 8, 2.30),
(24, 8, 5, 62.00),
(25, 8, 6, 29.00),
(26, 8, 8, 9.00);

-- --------------------------------------------------------

--
-- Tabellenstruktur für Tabelle `aufgaben`
--

CREATE TABLE `aufgaben` (
  `id` int(11) NOT NULL,
  `aufgabe` text NOT NULL,
  `loesung` text NOT NULL,
  `schwierigkeit` int(11) DEFAULT NULL,
  `hinweis` varchar(250) NOT NULL
) ENGINE=MyISAM DEFAULT CHARSET=latin1 COLLATE=latin1_swedish_ci;

--
-- Daten für Tabelle `aufgaben`
--

INSERT INTO `aufgaben` (`id`, `aufgabe`, `loesung`, `schwierigkeit`, `hinweis`) VALUES
(1, 'Welchen Durchmesser hat der Jupiter?', 'SELECT durchmesser FROM planet WHERE name=\"Jupiter\"', 1, 'Jupiter ist der größte Planet unseres Sonnensystems.'),
(8, 'Wie viele Monde hat der Saturn?', 'SELECT count(name) FROM mond WHERE id_planet = (SELECT id_planet FROM planet WHERE name LIKE \"Saturn\")', 2, 'Am Äquator des Saturns wurden Windgeschwindigkeiten von bis zu 2000km/h festgestellt.'),
(13, 'Wie heißen die bisher bekannten extrasolaren Planeten?', 'SELECT name FROM planet WHERE id_stern <> (SELECT id_stern FROM stern WHERE name LIKE \"Sonne\")', 3, 'Extrasolare Planeten sind Planeten, welche nicht dem Sonnensystem angehören.'),
(14, 'Welche Stoffe enthält die Atmosphäre der Erde in welchen Anteilen?', 'SELECT stoff.name, atmosphaere.anteil FROM stoff, atmosphaere WHERE stoff.id_stoff = atmosphaere.id_stoff AND atmosphaere.id_planet = \r\n(SELECT id_planet FROM planet WHERE name LIKE \"Erde\")\r\n', 4, ''),
(10, 'Welche Eigenschaften werden Menschen zugeschrieben, die im Sternbild Löwe (Loewe) geboren sind?', 'SELECT eigenschaft FROM horoskop WHERE id_sternbild = (SELECT id_sternbild FROM sternbild WHERE name_deutsch LIKE \"Loewe\")', 3, ''),
(3, 'Welche Weltraummissionen mit welchen besonderen Ereignissen wurden mit Wostok-Raketen absolviert?', 'SELECT name, rem FROM mission where traegerrakete like \"Wostok%\"', 1, 'Die besonderen Ereignisse sind in der Tabelle \"mission\" unter \"rem\" zu finden.'),
(4, 'Erstellen Sie eine alphabetische Liste aller Raumfahrer mit deren Lebensdaten.', 'SELECT name, vorname, geboren, gestorben\r\nFROM raumfahrer\r\nORDER BY name ASC', 2, ''),
(5, 'Erstellen Sie eine alphabetische Liste aller noch lebenden Raumfahrer mit deren Geburtsdatum.', 'SELECT name, vorname, geboren\r\nFROM raumfahrer\r\nWHERE gestorben IS NULL\r\nORDER BY name ASC', 2, ''),
(2, 'Wann wurde der Raumfahrer Alexander Wolkow geboren?', 'SELECT geboren\r\nFROM raumfahrer\r\nWHERE name=\"Wolkow\" AND vorname LIKE \"Alexander%\"', 1, 'Es gibt noch einen Zweitnamen.'),
(12, 'Erstellen Sie eine Liste der Marsmonde. Sortiere sie nach deren Entfernung vom Planeten.', 'SELECT mond.name\r\nFROM mond, planet\r\nWHERE mond.id_planet=planet.id_planet AND planet.name=\"Mars\"\r\nORDER BY bahnradius ASC', 3, 'Der Mars besitzt nur kleine, unregelmäßig geformte Monde.'),
(6, 'Ermitteln Sie die Farbe des Sterns Sirius mit Hilfe seiner Spektralklasse!', 'SELECT spektralklasse.farbe\r\nFROM stern, spektralklasse\r\nWHERE stern.s_klasse=spektralklasse.s_klasse AND stern.name=\"Sirius\"', 2, 'Der Stern Sirius A ist der hellste und fast doppelt so groß wie die Sonne.'),
(7, 'Welche Sterne leuchten rotorange?', 'SELECT name FROM stern, spektralklasse WHERE (stern.s_klasse = spektralklasse.s_klasse) AND (spektralklasse.farbe LIKE \"rotorange\")', 2, ''),
(15, 'Welche Raumfahrer nahmen an der Apollo13-Mission teil? (alphabetische Liste)', 'SELECT raumfahrer.name, raumfahrer.vorname\r\nFROM raumfahrer, nahm_teil_an, mission\r\nWHERE mission.id_mission = nahm_teil_an.id_mission\r\nAND nahm_teil_an.id_raumfahrer = raumfahrer.id_raumfahrer\r\nAND mission.name = \"Apollo13\"\r\nORDER BY name ASC', 4, ' Bei der Raumfahrtmission Apollo 13 von 1970 explodierte ein Tank während des Fluges zum Mond, daher musste die geplante Mondlandung aufgegeben werden. Dieser Apolloflug war der einzige, der vorzeitig beendet werden musste.'),
(17, 'Listen Sie die Bestandteile der Venusatmosphäre auf. Geben Sie auch deren Anteile an. Beginnen Sie mit dem größten Vorkommen.', 'SELECT stoff.name, anteil\r\nFROM planet, atmosphaere, stoff\r\nWHERE planet.id_planet = atmosphaere.id_planet\r\nAND atmosphaere.id_stoff = stoff.id_stoff\r\nAND planet.name = \"Venus\"\r\nORDER BY anteil DESC ', 4, 'Die Venus dreht sich als einziger Planet im Uhrzeigersinn. Ein Tag dauert bei ihr länger als ein Jahr.'),
(18, 'Welche Planeten (alphabetische Liste) haben eine Atmosphäre mit einem Sauerstoffanteil von mindestens 20%?', 'SELECT planet.name\r\nFROM planet, stoff, atmosphaere\r\nWHERE\r\nplanet.id_planet=atmosphaere.id_planet AND atmosphaere.id_stoff=stoff.id_stoff AND anteil>=20 \r\nAND stoff.name=\"Sauerstoff\"\r\nORDER BY name ASC', 5, ''),
(9, 'Welche Sterne (alphabetische Liste) gehören zum Sternbild Orion?', 'SELECT name\r\nFROM stern\r\nWHERE id_sternbild = (\r\nSELECT id_sternbild\r\nFROM sternbild\r\nWHERE name_deutsch = \"Orion\")\r\nORDER BY name ASC', 3, 'Das Sternbild Orion ist eines der bekanntesten und hellsten am Himmel.'),
(16, 'Welche Raumfahrer kamen bei einer Mission (welcher?) ums Leben?', 'SELECT raumfahrer.name, mission.name\r\nFROM raumfahrer, nahm_teil_an, mission\r\nWHERE mission.id_mission = nahm_teil_an.id_mission\r\nAND nahm_teil_an.id_raumfahrer = raumfahrer.id_raumfahrer\r\nAND raumfahrer.gestorben = mission.ende', 4, ''),
(20, 'Welcher Astronom hat den Mond Ganymed entdeckt und zu welchem Planeten gehört der Mond?', 'SELECT astronom.name, planet.name\r\nFROM planet, mond, hat_entdeckt_mond, astronom\r\nWHERE planet.id_planet = mond.id_planet\r\nAND mond.id_mond = hat_entdeckt_mond.id_mond\r\nAND astronom.id_astronom = hat_entdeckt_mond.id_astronom\r\nAND mond.name = \"Ganymed\"\r\n', 5, 'Der Mond Ganymed ist der größte unseres Sonnensystems und sogar größer als der Planet Merkur.'),
(11, 'Wie viel wiegen die Monde des Uranus zusammen?', 'SELECT sum(mond.masse) AS Masse_der_Monde\r\nFROM planet, mond\r\nWHERE planet.id_planet=mond.id_planet\r\nAND planet.name=\"Uranus\"', 3, ''),
(19, 'Von welchem Astronom wurden die meisten Sternbilder benannt? Geben Sie auch die Zahl als \'Anzahl der Sternbilder\' an!', 'SELECT astronom.name, count(id_sternbild) AS \'\"Anzahl der Sternbilder\"\r\nFROM astronom, sternbild\r\nWHERE astronom.id_astronom=sternbild.id_astronom\r\nGROUP BY astronom.name\r\nORDER BY \"Anzahl der Sternbilder\" DESC LIMIT 1', 5, '');

-- --------------------------------------------------------

--
-- Tabellenstruktur für Tabelle `hat_entdeckt_mond`
--

CREATE TABLE `hat_entdeckt_mond` (
  `id` int(10) NOT NULL,
  `id_mond` int(10) DEFAULT NULL,
  `id_astronom` int(10) DEFAULT NULL
) ENGINE=MyISAM DEFAULT CHARSET=latin1 COLLATE=latin1_swedish_ci;

--
-- Daten für Tabelle `hat_entdeckt_mond`
--

INSERT INTO `hat_entdeckt_mond` (`id`, `id_mond`, `id_astronom`) VALUES
(1, 2, 2),
(2, 3, 2),
(4, 11, 16),
(5, 14, 16),
(6, 15, 17),
(7, 12, 16),
(8, 13, 16),
(9, 14, 16),
(10, 17, 19),
(11, 18, 18),
(12, 19, 18),
(13, 20, 20),
(14, 21, 18),
(15, 22, 19),
(16, 23, 19),
(17, 24, 21),
(18, 25, 21),
(19, 26, 22),
(20, 137, 21),
(21, 9, 33),
(22, 29, 34),
(23, 36, 35),
(24, 8, 36),
(25, 32, 37),
(26, 33, 19),
(27, 34, 38),
(28, 35, 38),
(29, 37, 39),
(30, 38, 40),
(31, 39, 41),
(32, 42, 12),
(33, 40, 43),
(34, 41, 43),
(35, 41, 44),
(36, 43, 43),
(37, 43, 44),
(38, 5, 43),
(39, 5, 44),
(40, 45, 45),
(41, 45, 46),
(42, 46, 43),
(43, 46, 44),
(44, 47, 43),
(45, 47, 44),
(46, 48, 43),
(47, 48, 44),
(48, 50, 43),
(49, 50, 44),
(50, 49, 47),
(51, 49, 48),
(52, 49, 49),
(53, 6, 43),
(54, 6, 44),
(55, 51, 43),
(56, 51, 44),
(57, 52, 43),
(58, 52, 44),
(60, 73, 50),
(61, 53, 48),
(62, 54, 51),
(63, 55, 50),
(64, 56, 52),
(65, 56, 53),
(66, 58, 52),
(67, 59, 54),
(68, 60, 55),
(69, 61, 54),
(70, 62, 47),
(71, 62, 48),
(72, 62, 56),
(73, 62, 59),
(74, 63, 47),
(75, 63, 43),
(76, 63, 44),
(77, 63, 58),
(78, 63, 48),
(79, 63, 49),
(80, 64, 47),
(81, 64, 48),
(82, 64, 56),
(83, 64, 59),
(84, 65, 47),
(85, 65, 48),
(86, 65, 49),
(87, 66, 47),
(88, 66, 48),
(89, 66, 49),
(90, 66, 56),
(91, 66, 60),
(92, 56, 43),
(93, 56, 44),
(94, 56, 58),
(95, 56, 47),
(96, 56, 48),
(97, 56, 49),
(98, 68, 47),
(99, 68, 48),
(100, 68, 49),
(101, 69, 47),
(102, 69, 48),
(103, 69, 49),
(104, 70, 47),
(105, 70, 48),
(106, 70, 56),
(107, 70, 59),
(108, 71, 47),
(109, 71, 48),
(110, 71, 56),
(111, 71, 59),
(112, 72, 47),
(113, 72, 48),
(114, 72, 49),
(115, 73, 43),
(116, 73, 44),
(117, 73, 57),
(118, 73, 58),
(119, 73, 47),
(120, 73, 48),
(121, 73, 49),
(122, 74, 43),
(123, 74, 44),
(124, 74, 57),
(125, 74, 58),
(126, 74, 47),
(127, 74, 48),
(128, 74, 49),
(129, 75, 47),
(130, 75, 48),
(131, 75, 49),
(132, 76, 47),
(133, 76, 48),
(134, 76, 49),
(135, 76, 57),
(136, 76, 58),
(137, 77, 47),
(138, 77, 48),
(139, 77, 49),
(140, 77, 56),
(141, 77, 60),
(142, 78, 47),
(143, 78, 48),
(144, 78, 56),
(145, 78, 59),
(146, 7, 55),
(147, 80, 47),
(148, 80, 48),
(149, 80, 49),
(150, 80, 56),
(151, 81, 47),
(152, 81, 48),
(153, 81, 49),
(154, 82, 47),
(155, 83, 43),
(156, 83, 44),
(157, 83, 58),
(158, 83, 57),
(159, 83, 47),
(160, 83, 48),
(161, 83, 49),
(162, 84, 47),
(163, 84, 48),
(164, 84, 49),
(165, 85, 47),
(166, 85, 48),
(167, 85, 49),
(168, 85, 56),
(169, 86, 47),
(170, 86, 48),
(171, 86, 49),
(172, 86, 56),
(173, 86, 59),
(174, 87, 47),
(175, 87, 48),
(176, 87, 49),
(177, 87, 56),
(178, 88, 47),
(179, 88, 48),
(180, 88, 49),
(181, 89, 47),
(182, 89, 48),
(183, 89, 56),
(184, 89, 59),
(185, 90, 47),
(186, 90, 48),
(187, 90, 49),
(188, 90, 56),
(189, 91, 55),
(190, 92, 47),
(191, 92, 48),
(192, 92, 49),
(193, 93, 47),
(194, 93, 48),
(195, 93, 49),
(196, 93, 56),
(197, 93, 60),
(198, 94, 43),
(199, 94, 47),
(200, 94, 48),
(201, 94, 49),
(202, 94, 44),
(203, 94, 57),
(204, 94, 58),
(205, 95, 47),
(206, 95, 48),
(207, 95, 49),
(208, 95, 56),
(209, 96, 47),
(210, 96, 48),
(211, 96, 56),
(212, 96, 59),
(213, 97, 56),
(214, 98, 47),
(215, 98, 48),
(216, 98, 49),
(217, 98, 56),
(218, 98, 60),
(219, 99, 47),
(220, 99, 48),
(221, 99, 56),
(222, 99, 59),
(223, 100, 47),
(224, 100, 48),
(225, 100, 49),
(226, 100, 56),
(227, 100, 60),
(228, 101, 55),
(229, 102, 47),
(230, 102, 48),
(231, 102, 49),
(232, 102, 56),
(233, 103, 47),
(234, 103, 48),
(235, 103, 49),
(236, 104, 47),
(237, 104, 48),
(238, 104, 49),
(239, 104, 56),
(240, 104, 60),
(241, 105, 47),
(242, 105, 48),
(243, 105, 49),
(244, 106, 47),
(245, 106, 48),
(246, 106, 49),
(247, 106, 56),
(248, 107, 47),
(249, 107, 48),
(250, 107, 49),
(251, 108, 47),
(252, 108, 48),
(253, 108, 49),
(254, 109, 46),
(255, 110, 47),
(256, 110, 48),
(257, 110, 49),
(258, 110, 56),
(259, 110, 60),
(260, 13, 47),
(261, 110, 48),
(262, 110, 49),
(263, 110, 56),
(264, 110, 60),
(265, 112, 34),
(266, 113, 34),
(267, 114, 39),
(268, 115, 50),
(269, 116, 50),
(270, 117, 50),
(271, 118, 50),
(272, 119, 50),
(273, 120, 33),
(274, 122, 64),
(275, 123, 50),
(276, 124, 33),
(277, 124, 63),
(278, 125, 43),
(279, 125, 44),
(280, 125, 45),
(281, 125, 65),
(282, 126, 43),
(283, 126, 66),
(284, 126, 67),
(285, 126, 45),
(286, 127, 43),
(287, 127, 44),
(288, 127, 45),
(289, 127, 58),
(290, 128, 44),
(291, 128, 45),
(292, 128, 65),
(293, 123, 50),
(294, 124, 33),
(295, 124, 63),
(296, 125, 43),
(297, 125, 44),
(298, 125, 45),
(299, 125, 65),
(300, 126, 43),
(301, 126, 66),
(302, 126, 67),
(303, 126, 45),
(304, 127, 43),
(305, 127, 44),
(306, 127, 45),
(307, 127, 58),
(308, 128, 44),
(309, 128, 45),
(310, 129, 43),
(311, 129, 44),
(312, 129, 66),
(313, 129, 67),
(314, 10, 47),
(315, 10, 48),
(316, 131, 43),
(317, 131, 44),
(318, 131, 45),
(319, 131, 58),
(320, 132, 43),
(321, 132, 45),
(322, 132, 58),
(323, 133, 43),
(324, 133, 44),
(325, 133, 45),
(326, 133, 65),
(327, 135, 68),
(328, 137, 21),
(329, 138, 22),
(330, 139, 44),
(331, 139, 45),
(332, 139, 65),
(333, 139, 69),
(334, 139, 70),
(335, 140, 44),
(336, 140, 45),
(337, 140, 65),
(338, 140, 69),
(339, 140, 70),
(340, 141, 44),
(341, 141, 45),
(342, 141, 65),
(343, 141, 69),
(344, 141, 70),
(345, 142, 44),
(346, 142, 45),
(347, 142, 47),
(348, 142, 48),
(349, 142, 49),
(350, 143, 44),
(351, 143, 45),
(352, 143, 65),
(353, 143, 69),
(354, 143, 70);

-- --------------------------------------------------------

--
-- Tabellenstruktur für Tabelle `horoskop`
--

CREATE TABLE `horoskop` (
  `id_horoskop` int(10) NOT NULL,
  `id_sternbild` int(50) DEFAULT NULL,
  `eigenschaft` varchar(255) DEFAULT NULL
) ENGINE=MyISAM DEFAULT CHARSET=latin1 COLLATE=latin1_swedish_ci;

--
-- Daten für Tabelle `horoskop`
--

INSERT INTO `horoskop` (`id_horoskop`, `id_sternbild`, `eigenschaft`) VALUES
(1, 4, 'liebenswürdig'),
(2, 72, 'offenherzig'),
(3, 16, 'ausdauernd'),
(4, 67, 'feinfühlig'),
(5, 73, 'Forschergeist'),
(6, 49, 'Schönheitssinn'),
(7, 12, 'sensibel'),
(8, 46, 'selbstvertrauend'),
(9, 38, 'gewandt'),
(10, 86, 'ordnungsliebend'),
(11, 7, 'Mut'),
(12, 78, 'Guter Zuhörer'),
(13, 4, 'wissensdurstig'),
(14, 4, 'naturwissenschaftlich orientiert'),
(15, 72, 'wohltätig'),
(16, 72, 'unternehmungslustig'),
(17, 16, 'willensstark'),
(18, 16, 'ernst'),
(19, 16, 'schweigsam'),
(20, 16, 'klug'),
(21, 67, 'friedfertig'),
(22, 67, 'heiter'),
(23, 67, 'gemütvoll'),
(24, 67, 'medial veranlagt'),
(25, 73, 'Willenskraft'),
(26, 73, 'Gemütstiefe'),
(27, 73, 'Fleiß'),
(28, 49, 'Weltklugheit'),
(29, 49, 'hilfsbereit'),
(30, 49, 'sympathisch'),
(31, 12, 'einsichtsvoll'),
(32, 12, 'vorsorgend'),
(33, 12, 'häuslich'),
(34, 46, 'mutig'),
(35, 46, 'aristokratisch'),
(36, 46, 'idealistisch'),
(37, 38, 'humorvoll'),
(38, 38, 'Überredungsgabe'),
(39, 86, 'fleißig'),
(40, 86, 'ruhig'),
(41, 86, 'scharfer Verstand'),
(42, 7, 'Willensstärke'),
(43, 7, 'strebsam'),
(44, 7, 'unternehmungslustig'),
(45, 78, 'eifrig'),
(46, 78, 'sozial'),
(47, 78, 'sehr zuverlässig'),
(48, 73, 'herrschsüchtig'),
(50, 67, 'fleißig'),
(51, 67, 'sportlich'),
(52, 86, 'verständnisvoll'),
(53, 86, 'fantastisch-kreativ'),
(54, 12, 'zukunftsängstlich'),
(55, 12, 'beeindruckbar'),
(56, 12, 'Bauchmensch'),
(57, 46, 'dynamisch'),
(58, 72, 'aktiv'),
(59, 72, 'häuslich'),
(60, 78, 'freundlich-genüßlich'),
(61, 49, 'ausgeglichen'),
(62, 7, 'vergesslich');

-- --------------------------------------------------------

--
-- Tabellenstruktur für Tabelle `mission`
--

CREATE TABLE `mission` (
  `id_mission` int(10) NOT NULL,
  `name` varchar(100) DEFAULT NULL,
  `land` varchar(50) DEFAULT NULL,
  `beginn` datetime DEFAULT NULL,
  `ende` datetime DEFAULT NULL,
  `traegerrakete` varchar(50) DEFAULT NULL,
  `rem` varchar(100) DEFAULT NULL
) ENGINE=MyISAM DEFAULT CHARSET=latin1 COLLATE=latin1_swedish_ci;

--
-- Daten für Tabelle `mission`
--

INSERT INTO `mission` (`id_mission`, `name`, `land`, `beginn`, `ende`, `traegerrakete`, `rem`) VALUES
(1, 'Wostok1', 'SU', '1961-04-12 00:00:00', '1961-04-12 00:00:00', 'Wostok 1', 'Erster Mensch im Weltall an Bord'),
(2, 'Wostok2', 'SU', '1961-08-07 00:00:00', '1961-08-08 00:00:00', 'Wostok 2', NULL),
(3, 'Apollo13', 'USA', '1970-04-11 00:00:00', '1970-04-17 00:00:00', 'Mondlandefähre Fred Haise/Saturn-V-Rakete AS-508/A', '55 Stunden nach Start Explosion des Sauerstofftankes/Houston, we have had a problem\"'),
(4, 'Apollo11', 'USA', '1969-07-16 00:00:00', '1969-07-24 00:00:00', 'Columbia/ Mondlandefähre LM-5 den Namen Eagle (Adl', 'erster bemannte Apollomission/Neil Armstrong Kommandant'),
(5, 'Sojus31', 'SU', '1978-08-26 00:00:00', '1978-09-03 00:00:00', 'Sojus 7K-T', 'Erster Deutscher im All'),
(6, 'Wostok6', 'SU', '1963-06-16 00:00:00', '1963-06-19 00:00:00', 'Wostok 6', 'Erste Frau im Weltall an Bord'),
(7, 'Skylab', 'USA', '1973-05-14 00:00:00', '1979-07-11 00:00:00', 'Skylab', 'Stürzte nach langjähriger Erdumkreisung ab'),
(8, 'Saljut', 'SU', '1971-04-19 00:00:00', '1971-10-11 00:00:00', 'Saljut', 'Insgesamt wurde Saljut 123 Tage genutzt und verglühte am 11. Oktober 1971 in der Atmosphäre.'),
(9, 'Gemini8', 'USA', '1966-03-16 00:00:00', '1966-03-17 00:00:00', 'Gemini 8', 'Erste Kupplung zweier Raumfahrzeuge in der Erdumlaufbahn'),
(10, 'Apollo8', 'USA', '1986-12-21 00:00:00', '1986-12-27 00:00:00', 'Apollo 8', 'Apollo 8 war ein bemannter Raumflug im Rahmen des US-amerikanischen Apollo-Programms, der erste, der'),
(11, 'Apollo15', 'USA', '1971-07-26 00:00:00', '1971-08-07 00:00:00', 'Apollo 15', NULL),
(12, 'Gemini7', 'USA', '1965-12-04 00:00:00', '1965-12-18 00:00:00', 'Gemini7', NULL),
(13, 'Gemini12', 'USA', '1966-11-11 00:00:00', '1966-11-15 00:00:00', 'Gemini12', 'Wieder war es gelungen, zwei Raumfahrzeuge im Orbit mehrfach zu koppeln.'),
(14, 'STS-1', 'USA', '1981-04-12 00:00:00', '1981-04-14 00:00:00', 'Space Shuttle Columbia (OV-102)', 'Erste Space-Shuttle-Mission'),
(15, 'STS-51-L', 'USA', '1986-01-28 00:00:00', '1986-01-28 00:00:00', 'Space Shuttle Challenger', 'schwerster Unfall in der Raumfahrtgeschichte der USA');

-- --------------------------------------------------------

--
-- Tabellenstruktur für Tabelle `mond`
--

CREATE TABLE `mond` (
  `id_mond` int(11) NOT NULL,
  `name` varchar(50) NOT NULL DEFAULT '',
  `id_planet` int(11) NOT NULL,
  `bahnradius` float DEFAULT NULL,
  `masse` float DEFAULT NULL,
  `form` varchar(30) DEFAULT ''
) ENGINE=MyISAM DEFAULT CHARSET=latin1 COLLATE=latin1_swedish_ci;

--
-- Daten für Tabelle `mond`
--

INSERT INTO `mond` (`id_mond`, `name`, `id_planet`, `bahnradius`, `masse`, `form`) VALUES
(1, 'Mond', 3, 384405, 7.348e22, '1'),
(2, 'Phobos', 4, 9378, 1.08e16, '2'),
(3, 'Deimos', 4, 23459, 1.8e15, '2'),
(5, 'Skathi', 6, 15641, 310000000000000, '5'),
(6, 'Suttungr', 6, 19465, 210000000000000, '5'),
(7, 'Ananke', 5, 21.276, 3e16, '5'),
(8, 'Epimetheus', 6, 151400, 5e17, '2'),
(9, 'Pan', 6, 133583, 4.9e15, '5'),
(10, 'Margaret', 7, 14345000, 1, '5'),
(11, 'Ganymed', 5, 1070600, 1.48e23, NULL),
(12, 'lo', 5, 421800, 8.94e22, NULL),
(13, 'Europa', 5, 670900, 4.8e22, NULL),
(14, 'Kallisto', 5, 1883000, 1.07e23, NULL),
(15, 'Titan', 6, 1221000, 1.345e23, NULL),
(16, 'Rhea', 6, 527040, 2.31e21, ''),
(17, 'Enceladus', 6, 238020, 1.08e20, ''),
(18, 'Dione', 6, 377420, NULL, ''),
(19, 'Tethys', 6, 294660, NULL, ''),
(20, 'Hyperion', 6, 1464100, NULL, ''),
(21, 'Iapetus', 6, 3561300, NULL, ''),
(22, 'Titania', 7, 463300, NULL, ''),
(23, 'Oberon', 7, 583519, NULL, ''),
(24, 'Ariel', 7, 190900, NULL, ''),
(25, 'Umbriel', 7, 266300, NULL, ''),
(26, 'Miranda', 7, 129872, NULL, ''),
(27, 'Triton', 8, 354760, NULL, ''),
(28, 'Polydeceus', 6, 141, NULL, ''),
(29, 'Daphnis', 6, 137, NULL, ''),
(30, 'Despina', 8, 52526, NULL, ''),
(31, 'Pandora', 6, 141700, NULL, ''),
(32, 'Janus', 6, 151470, NULL, ''),
(33, 'Mimas', 6, 185540, NULL, ''),
(34, 'Methone', 6, 194000, NULL, ''),
(35, 'Pallene', 6, 211000, NULL, ''),
(36, 'Prometheus', 6, 139350, NULL, ''),
(37, 'Telesto', 6, 294670, NULL, ''),
(38, 'Calypso', 6, 294670, NULL, ''),
(39, 'Helene', 6, 377420, NULL, ''),
(40, 'Kiviuq', 6, 11365000, NULL, ''),
(41, 'Ijiraq', 6, 11442000, NULL, ''),
(42, 'Phoebe', 6, 12952000, NULL, ''),
(43, 'Paaliaq', 6, 15198000, NULL, ''),
(44, 'Thalassa', 8, 50075, NULL, ''),
(45, 'Albiorix', 6, 16394000, NULL, ''),
(46, 'Erriapo', 6, 17604000, NULL, ''),
(47, 'Siarnaq', 6, 18195000, NULL, ''),
(48, 'Tarvos', 6, 18239000, NULL, ''),
(49, 'Narvi', 6, 18719000, NULL, ''),
(50, 'Mundilfari', 6, 18722000, NULL, ''),
(51, 'Thrymr', 6, 20219000, NULL, ''),
(52, 'Ymir', 6, 23130000, NULL, ''),
(53, 'Adrastea', 5, 129000, NULL, ''),
(54, 'Amalthea', 5, 181.4, NULL, ''),
(55, 'Thebe', 5, 221900, NULL, ''),
(56, 'Themisto', 5, 7507000, NULL, ''),
(58, 'Leda', 5, 11165000, NULL, ''),
(59, 'Himalia', 5, 11461000, NULL, ''),
(60, 'Lysithea', 5, 11717000, NULL, ''),
(61, 'Elara', 5, 11741000, NULL, ''),
(62, 'S/2000 J 11', 5, 12555000, NULL, ''),
(63, 'Carpo', 5, 16989000, NULL, ''),
(64, 'S/2003 J 12', 5, 17582000, NULL, ''),
(65, 'Euporie', 5, 19304000, NULL, ''),
(66, 'S/2003 J 3', 5, 20221000, NULL, ''),
(67, 'S/2003 J 8', 5, 20514000, NULL, ''),
(68, 'Orthosie', 5, 20720000, NULL, ''),
(69, 'Euanthe', 5, 20.797, NULL, ''),
(70, 'Harpalyke', 5, 20858000, NULL, ''),
(71, 'Praxidike', 5, 20907000, NULL, ''),
(72, 'Thyone', 5, 20939000, NULL, ''),
(73, 'S/2003 J 16', 5, 20957000, NULL, ''),
(74, 'Mneme', 5, 21069000, NULL, ''),
(75, 'Hermippe', 5, 21131000, NULL, ''),
(76, 'Thelxinoe', 5, 21162000, NULL, ''),
(77, 'Helike', 5, 21263000, NULL, ''),
(78, 'Iocaste', 5, 21269000, NULL, ''),
(79, 'Naiad', 8, 48227, NULL, ''),
(80, 'S/2003 J 15', 5, 22627000, NULL, ''),
(81, 'Eurydome', 5, 22865000, NULL, ''),
(82, 'Arche', 5, 22931000, NULL, ''),
(83, 'S/2003 J 17', 5, 22992000, NULL, ''),
(84, 'Pasithee', 5, 23004000, NULL, ''),
(85, 'S/2003 J 10', 5, 23041000, NULL, ''),
(86, 'Chaldene', 5, 23100000, NULL, ''),
(87, 'Isonoe', 5, 23155000, NULL, ''),
(88, 'Kale', 5, 23217000, NULL, ''),
(89, 'Erinome', 5, 23279000, NULL, ''),
(90, 'S/2003 J 9', 5, 23384000, NULL, ''),
(91, 'Carme', 5, 23404000, NULL, ''),
(92, 'Sponde', 5, 23487000, NULL, ''),
(93, 'S/2003 J 5', 5, 11165000, NULL, ''),
(94, 'S/2003 J 19', 5, 23533000, NULL, ''),
(95, 'S/2003 J 23', 5, 23563000, NULL, ''),
(96, 'Kalyke', 5, 23566000, NULL, ''),
(97, 'Pasiphae', 5, 23624000, NULL, ''),
(98, 'Eukelade', 5, 23661000, NULL, ''),
(99, 'Taygete', 5, 23800000, NULL, ''),
(100, 'S/2003 J 4', 5, 23930000, NULL, ''),
(101, 'Sinope', 5, 23939000, NULL, ''),
(102, 'Hegemone', 5, 23947000, NULL, ''),
(103, 'Cyllene', 5, 23951000, NULL, ''),
(104, 'Aoede', 5, 23981000, NULL, ''),
(105, 'S/2003 J 14', 5, 24011000, NULL, ''),
(106, 'Kallichore', 5, 24043000, NULL, ''),
(107, 'Autonoe', 5, 24046000, NULL, ''),
(108, 'Aitne', 5, 24046000, NULL, ''),
(109, 'Callirrhoe', 5, 24103000, NULL, ''),
(110, 'Megaclite', 5, 24493000, NULL, ''),
(111, 'S/2003 J2', 5, 29541000, NULL, ''),
(112, 'Cordelia', 7, 49752, NULL, ''),
(113, 'Ophelia', 7, 53764, NULL, ''),
(114, 'Bianca', 7, 59165, NULL, ''),
(115, 'Cressida', 7, 61767, NULL, ''),
(116, 'Desdemona', 7, 62659, NULL, ''),
(117, 'Juliet', 7, 64358, NULL, ''),
(118, 'Portia', 7, 66097, NULL, ''),
(119, 'Rosalind', 7, 69927, NULL, ''),
(120, 'Cupid', 7, 74800, NULL, ''),
(121, 'Belinda', 7, 75255, NULL, ''),
(122, 'Perdita', 7, 76400, NULL, ''),
(123, 'Puck', 7, 86004, NULL, ''),
(124, 'Maab', 7, 97730, NULL, ''),
(125, 'Francisco', 7, 4276000, NULL, ''),
(126, 'Caliban', 7, 7231000, NULL, ''),
(127, 'Stephano', 7, 8002000, NULL, ''),
(128, 'Trinculo', 7, 8571000, NULL, ''),
(129, 'Sycorax', 7, 12179000, NULL, ''),
(131, 'Prospero', 7, 16243000, NULL, ''),
(132, 'Setebos', 7, 17501000, NULL, ''),
(133, 'Ferdinand', 7, 20901000, NULL, ''),
(134, 'Galatea', 8, 61953, NULL, ''),
(135, 'Larissa', 8, 73548, NULL, ''),
(136, 'Proteus', 8, 117647, NULL, ''),
(137, 'Triton', 8, 354760, NULL, ''),
(138, 'Nereid', 8, 5513400, NULL, ''),
(139, 'S/2002 N 1', 8, 15728000, NULL, ''),
(140, 'S/2002 N 2', 8, 22422000, NULL, ''),
(141, 'S/2002 N 3', 8, 23571000, NULL, ''),
(142, 'Psamathe', 8, 46695000, NULL, ''),
(143, 'S/2002 N 4', 8, 48837000, NULL, '');

-- --------------------------------------------------------

--
-- Tabellenstruktur für Tabelle `nahm_teil_an`
--

CREATE TABLE `nahm_teil_an` (
  `id` int(10) NOT NULL,
  `id_raumfahrer` int(10) DEFAULT NULL,
  `id_mission` int(10) DEFAULT NULL
) ENGINE=MyISAM DEFAULT CHARSET=latin1 COLLATE=latin1_swedish_ci;

--
-- Daten für Tabelle `nahm_teil_an`
--

INSERT INTO `nahm_teil_an` (`id`, `id_raumfahrer`, `id_mission`) VALUES
(1, 7, 5),
(2, 11, 1),
(3, 12, 6),
(4, 13, 5),
(6, 14, 3),
(7, 5, 9),
(9, 5, 4),
(10, 17, 9),
(11, 17, 11),
(12, 14, 10),
(13, 25, 10),
(14, 14, 12),
(15, 14, 13),
(16, 31, 14),
(17, 31, 14),
(18, 36, 3),
(19, 37, 3),
(20, 38, 15),
(21, 39, 15),
(22, 40, 15),
(23, 41, 15),
(24, 42, 15),
(25, 43, 15),
(26, 44, 15);

-- --------------------------------------------------------

--
-- Tabellenstruktur für Tabelle `planet`
--

CREATE TABLE `planet` (
  `id_planet` int(10) NOT NULL,
  `name` varchar(30) DEFAULT NULL,
  `id_stern` int(10) DEFAULT NULL,
  `masse` float DEFAULT NULL,
  `durchmesser` int(11) DEFAULT NULL,
  `dichte` double(7,2) DEFAULT NULL,
  `aphel` int(11) DEFAULT NULL,
  `perihel` int(11) DEFAULT NULL
) ENGINE=MyISAM DEFAULT CHARSET=latin1 COLLATE=latin1_swedish_ci;

--
-- Daten für Tabelle `planet`
--

INSERT INTO `planet` (`id_planet`, `name`, `id_stern`, `masse`, `durchmesser`, `dichte`, `aphel`, `perihel`) VALUES
(1, 'Merkur', 87, 3.302e26, 4878, 5427.00, 467, 307),
(2, 'Venus', 87, 4.8685e28, 12103, 5243.00, 728, 718),
(3, 'Erde', 87, 5.9736e28, 12713, 5515.00, 1017, 983),
(4, 'Mars', 87, 6.4185e27, 6794, 3933.00, 1666, 1381),
(5, 'Jupiter', 87, 1.8986e31, 142984, 1326.00, 5459, 495),
(6, 'Saturn', 87, 5.6846e30, 120536, 687.00, 10124, 9041),
(7, 'Uranus', 87, 8.6832e29, 51118, 127.00, 20078, 18324),
(8, 'Neptun', 87, 1.0243e30, 49248, 1638.00, 30385, 29709),
(9, 'Gliese 581 c', 88, 4.77888e34, 190695, 0.00, 0, 0),
(10, 'Gliese 876 b', 89, 4.77888e34, 122000, 0.00, 0, 0),
(11, 'HD 160691 d', 90, 5.88566e36, 249000, 0.00, 0, 0),
(12, 'OGLE-2005-BLG-390Lb', 91, 2.9868e33, 0, 0.00, 0, 0),
(13, 'HAT-P-1b', 92, 9.493e33, 400000, 25.00, 0, 0),
(15, '51 Pegasi b', 93, 1.13916e36, 0, 0.00, 0, 0),
(16, '70 Virginis b', 94, 1.40876e37, 140000, 0.00, 0, 0),
(17, '47 Ursae Majoris b', 95, 4.65157e36, 0, 0.00, 0, 0),
(18, '55 Cancri b', 96, 1.61381e36, 0, 0.00, 0, 0),
(19, '16 Cygni B b', 97, 3.17066e36, 124000, 0.00, 0, 0),
(20, 'Lalande 21185 b', 98, 1.70874e36, 555000, 0.00, 0, 0),
(21, 'Tau Booetes b', 99, 8.37283e36, 120000, 0.00, 0, 0),
(22, 'Iota Horologii b', 100, 4.29084e36, 120000, 0.00, 0, 0),
(23, '14 Herculis b', 101, 6.26538e36, 0, 0.00, 0, 0),
(24, 'GJ 86 b', 102, 9.30314e36, 0, 0.00, 0, 0),
(25, 'HD 168443 b', 103, 9.56894e36, 0, 0.00, 0, 0),
(26, 'Rho Coronae Borealis b', 104, 2.08846e36, 0, 0.00, 0, 0),
(27, 'HD 114762 b', 105, 2.09226e37, 0, 0.00, 0, 0),
(28, 'HD 210277 b', 106, 2.43021e36, 124000, 0.00, 0, 0),
(29, 'HD 130322 b', 107, 2.05049e36, 132000, 0.00, 0, 0),
(30, 'Ross 780 b', 108, 3.98706e36, 0, 0.00, 0, 0),
(31, 'HD 187123 b', 109, 1.0822e35, 130000, 0.00, 0, 0),
(32, 'HD 192263 b', 110, 1.44294e36, 0, 0.00, 0, 0),
(33, 'HD 195019 b', 111, 6.5122e35, 0, 0.00, 0, 0),
(34, 'HD 209458 b', 112, 1.19612e36, 0, 0.00, 0, 0),
(35, 'HD 217107 b', 113, 2.46818e36, 0, 0.00, 0, 0),
(36, 'HD 75289 b', 114, 7.97412e35, 0, 0.00, 0, 0);

-- --------------------------------------------------------

--
-- Tabellenstruktur für Tabelle `raumfahrer`
--

CREATE TABLE `raumfahrer` (
  `id_raumfahrer` int(10) NOT NULL,
  `name` varchar(50) DEFAULT NULL,
  `vorname` varchar(50) DEFAULT NULL,
  `geboren` datetime DEFAULT NULL,
  `gestorben` datetime DEFAULT NULL
) ENGINE=MyISAM DEFAULT CHARSET=latin1 COLLATE=latin1_swedish_ci;

--
-- Daten für Tabelle `raumfahrer`
--

INSERT INTO `raumfahrer` (`id_raumfahrer`, `name`, `vorname`, `geboren`, `gestorben`) VALUES
(1, 'Collins', 'Michael', '1930-10-31 00:00:00', NULL),
(2, 'Weitz', 'Paul', '1932-07-25 00:00:00', NULL),
(3, 'McNeal Kelly', 'James', '1964-05-14 00:00:00', NULL),
(4, 'Shepard', 'Alan', '1923-11-18 00:00:00', '1998-07-21 00:00:00'),
(5, 'Armstrong', 'Neil', '1930-08-05 00:00:00', NULL),
(6, 'Glenn Jr.', 'John Herschel', '1921-07-18 00:00:00', NULL),
(7, 'Jähn', 'Sigmund Werner Paul', '1937-02-13 00:00:00', NULL),
(8, 'Melvill', 'Michael', '1941-11-11 00:00:00', NULL),
(9, 'Liwei', 'Yang', '1965-06-21 00:00:00', NULL),
(10, 'Romek', 'Vladimir', '1948-09-26 00:00:00', NULL),
(11, 'Gagarin', 'Juri Alexejewitsch', '1937-03-09 00:00:00', '1968-03-27 00:00:00'),
(12, 'Tereschkowa', 'Walentina Wladimirowna', '1937-03-06 00:00:00', NULL),
(13, 'Awdejew', 'Sergei Wassiljewitsch', '1956-01-01 00:00:00', NULL),
(14, 'Lovell', 'James', '1928-03-25 00:00:00', NULL),
(15, 'McArthur', 'William Surles', '1951-07-26 00:00:00', NULL),
(16, 'Bowersox', 'Kenneth Duane', '1956-11-14 00:00:00', NULL),
(17, 'Scott', 'David', '1932-06-06 00:00:00', NULL),
(18, 'Aldrin', 'Edwin', '1930-01-20 00:00:00', NULL),
(19, 'Cunningham', 'Walter', '1932-03-16 00:00:00', NULL),
(20, 'Borman ll', 'Frank Frederick', '1928-03-14 00:00:00', NULL),
(21, 'Gordon', 'Richard Francis', '1928-10-05 00:00:00', NULL),
(23, 'Mitchell', 'Edgar', '1930-09-17 00:00:00', NULL),
(24, 'Conrad', 'Charles', '1930-06-02 00:00:00', NULL),
(25, 'Alison Anders', 'William', '1933-10-17 00:00:00', NULL),
(26, 'Schirra', 'Walter', '1923-03-12 00:00:00', NULL),
(27, 'LaVern Bean', 'Alan', '1932-03-15 00:00:00', NULL),
(29, 'Poljakow', 'Waleri Wladimirowitsch', '1942-04-27 00:00:00', NULL),
(30, 'Grisson', 'Virgil Ivan', '1926-04-03 00:00:00', '1967-01-27 00:00:00'),
(31, 'Young', 'John Watts', '1930-09-24 00:00:00', NULL),
(33, 'Crippin', 'Robert Laurel', '1937-09-11 00:00:00', NULL),
(34, 'Wolkow', 'Wladislaw Nikolajewitsch', '1935-11-23 00:00:00', '1971-06-29 00:00:00'),
(35, 'Wolkow', 'Alexander Alexandrowitsch', '1948-05-27 00:00:00', NULL),
(36, 'Swigert', 'John Leonard', '1931-08-30 00:00:00', '1982-12-27 00:00:00'),
(37, 'Haise', 'Fred Wallace', '1933-11-14 00:00:00', NULL),
(38, 'Scobee', 'Francis Richard', '1939-05-19 00:00:00', '1986-01-28 00:00:00'),
(39, 'Smith', 'Michael John', '1945-04-30 00:00:00', '1986-01-28 00:00:00'),
(40, 'Resnik', 'Judith Arlene', '1949-04-05 00:00:00', '1986-01-28 00:00:00'),
(41, 'Onizuka', 'Ellison Shoji', '1946-06-24 00:00:00', '1986-01-28 00:00:00'),
(42, 'McNair', 'Ronald Erwin', '1950-10-21 00:00:00', '1986-01-28 00:00:00'),
(43, 'Jarvis', 'Gregory Bruce', '1944-08-24 00:00:00', '1986-01-28 00:00:00'),
(44, 'McAuliffe', 'Christa', '1948-09-02 00:00:00', '1986-01-28 00:00:00');

-- --------------------------------------------------------

--
-- Tabellenstruktur für Tabelle `spektralklasse`
--

CREATE TABLE `spektralklasse` (
  `s_klasse` varchar(1) NOT NULL,
  `charakteristik` varchar(60) DEFAULT NULL,
  `farbe` varchar(10) DEFAULT NULL,
  `temperatur_in_k` int(10) DEFAULT NULL,
  `beispiele` varchar(30) DEFAULT NULL
) ENGINE=MyISAM DEFAULT CHARSET=latin1 COLLATE=latin1_swedish_ci;

--
-- Daten für Tabelle `spektralklasse`
--

INSERT INTO `spektralklasse` (`s_klasse`, `charakteristik`, `farbe`, `temperatur_in_k`, `beispiele`) VALUES
('A', 'Wasserstoff, Calcium (Ca II)', 'weiß', 7500, 'Wega, Sirius'),
('B', 'Neutrales Helium (He l)    Balmer-Serie Wasserstoff', 'blau-weiß', 10000, 'Rigel, Spicahalio'),
('F', 'Calcium (Ca II), Auftreten von Metallen', 'weiß-gelb', 6000, 'Prokyon, Canopus'),
('G', 'Calcium (Ca II), Eisen und andere Metalle', 'gelb', 5000, 'Capella, Sonne'),
('K', 'Starke Metalllinien, später Titanoxid', 'orange', 3500, 'Arcturus, Aldebaran'),
('M', 'Titanoxid', 'rotorange', 2000, 'Beteigeuze, Antares, Kapteyns'),
('N', 'Kohlenstoff', 'rot', 1900, 'R Leporis, Y Canum Venaticorum'),
('O', 'Ionisiertes Helium (He ll)', 'blau', 30000, 'Mintaka, Naos'),
('R', 'Cyan (CN), Kohlenmonoxid (CO), Kohlenstoff', 'rotorange', 3500, 'S Camelopardalis, RU Virginis'),
('S', 'Zirkonoxid', 'rotorange', 2000, 'T Camelopardalis, U Cassiopeia');

-- --------------------------------------------------------

--
-- Tabellenstruktur für Tabelle `stern`
--

CREATE TABLE `stern` (
  `id_stern` int(10) NOT NULL,
  `bayer` varchar(50) DEFAULT NULL,
  `name` varchar(50) DEFAULT NULL,
  `leuchtkraft` double(7,2) DEFAULT NULL,
  `helligkeit` double(7,2) DEFAULT NULL,
  `leuchtkraftklasse` varchar(5) DEFAULT NULL,
  `s_klasse` varchar(1) DEFAULT NULL,
  `id_sternbild` int(11) NOT NULL
) ENGINE=MyISAM DEFAULT CHARSET=latin1 COLLATE=latin1_swedish_ci;

--
-- Daten für Tabelle `stern`
--

INSERT INTO `stern` (`id_stern`, `bayer`, `name`, `leuchtkraft`, `helligkeit`, `leuchtkraftklasse`, `s_klasse`, `id_sternbild`) VALUES
(1, 'alpha Boo', 'Arktur', -0.06, -0.03, '', 'K', 9),
(2, 'alpha Sco', 'Antares', -5.20, 0.96, NULL, 'M', 73),
(3, 'alpha Cen', 'Rigil Kentaurus', 1.57, 0.01, 'V', 'G', 19),
(4, 'alpha Lyr', 'Wega', 0.58, 0.30, 'V', 'A', 52),
(5, 'alpha CMa', 'Sirius', 25.40, -1.46, 'V', 'A', 14),
(6, 'alpha Car', 'Canopus', -5.60, -0.72, 'II', 'A', 17),
(7, 'alpha Aur', 'Capella', -0.50, 0.08, NULL, 'G', 8),
(8, 'beta Ori', 'Rigel', -7.10, 0.12, 'l', 'B', 60),
(9, 'alpha CMi', 'Procyon', 2.70, 0.38, 'lV', 'F', 15),
(10, 'alpha Eri', 'Achernar', -1.30, 0.46, 'V', 'B', 36),
(11, 'alpha Ori', 'Beteigeuze', -5.30, 0.50, 'l', 'M', 60),
(12, 'beta Cen', 'Hadar', -5.42, 0.61, 'V', 'B', 19),
(13, 'alpha Aql', 'Altair', 2.40, 0.70, 'V', 'A', 13),
(14, 'alpha Tau', 'Aldebaran', -0.60, 0.85, 'lll', 'K', 78),
(15, 'alpha Vir', 'Spica', -2.90, 0.98, 'lll+V', 'B', 86),
(17, 'beta Gem', 'Pollux', 1.00, 1.14, 'lll', 'K', 38),
(18, 'alpha PsA', 'Fomalhaut', 2.00, 1.16, 'V', 'A', 66),
(19, 'alpha Cyg', 'Deneb', -6.20, 1.25, 'l', 'A', 31),
(20, 'beta Cru', 'Mimosa', -4.50, 1.25, 'lll', 'K', 30),
(21, 'alpha Leo', 'Regulus', -0.20, 1.35, 'V', 'B', 46),
(22, 'epsilon CMa', 'Adhara', -5.00, 1.50, 'll', 'B', 14),
(23, 'alpha Cru', 'Acrux', 0.00, 1.58, 'V', 'B', 30),
(24, 'alpha Gem', 'Castor', 0.90, 1.58, 'V', 'A', 38),
(25, 'gamma Cru', 'Gacrux', 6.40, 1.63, 'lll', 'M', 30),
(26, 'lambda Sco', 'Shaula', 0.00, 1.63, 'V', 'B', 73),
(27, 'gamma Ori', 'Bellatrix', -3.40, 1.64, 'lll', 'B', 60),
(28, 'beta Tau', 'El Nath', 0.00, 1.65, 'lll', 'B', 78),
(29, 'beta Car', 'Miaplacidus', 0.00, 1.68, 'V', 'A', 17),
(30, 'zeta1 Ori', 'Alnitak', 0.00, 2.05, 'l', 'O', 60),
(31, 'alpha Gru', 'Al Na\'ir', 0.00, 1.74, 'lV', 'B', 39),
(32, 'epsilon UMa', 'Alioth', 0.00, 1.77, NULL, 'B', 83),
(33, 'gamma Vel', 'Regor', 0.00, 1.78, NULL, 'O', 85),
(34, 'alpha Per', 'Marfak(Algenib)', 0.00, 1.79, 'l', 'F', 63),
(35, 'alpha UMa', 'Dubhe', 1.80, 1.79, 'lll', 'K', 83),
(36, 'delta CMa', 'Al Wazor', 0.00, 1.84, 'l', NULL, 14),
(37, 'epsilon Sgr', 'Kaus Australis', 0.00, 1.85, 'lll', NULL, 72),
(38, 'epsilon Car', 'She(Avior)', 0.00, 1.86, 'll', NULL, 17),
(39, 'theta Sco', 'Sargas', 0.00, 1.87, 'll', NULL, 73),
(40, 'eta UMa', 'Benetnasch(Alkaid)', 0.00, 1.86, 'V', NULL, 83),
(41, 'beta Aur', 'Menkalinam', 0.00, 1.90, 'V', NULL, 8),
(42, 'alpha TrA', 'Ras al Muthallath (Atria)', 0.00, 1.92, 'll', NULL, 80),
(43, 'gamma Gem', 'Almisan (Alhena)', -0.70, 1.93, 'V', NULL, 38),
(44, 'alpha Pav', 'Joo Tseo(Peacock)', 0.00, 1.94, 'V', NULL, 61),
(45, 'delta Vel', 'Koo She', 0.00, 1.96, 'V', NULL, 85),
(46, 'beta CMa', 'Murzim', 0.00, 1.98, 'll', NULL, 14),
(47, 'alpha Hya', 'Alphard', -1.80, 1.98, 'lll', NULL, 42),
(48, 'alpha Ari', 'Hamal', 0.29, 2.00, 'lll', NULL, 7),
(49, 'alpha UMi', 'Polaris', -4.60, 2.02, 'll', NULL, 84),
(50, 'sigma Sgr', 'Nunki', 0.00, 2.02, 'V', NULL, 72),
(51, 'beta Cet', 'Deneb Kaitos(Diphda)', 0.00, 2.04, 'lll', NULL, 21),
(53, 'alpha And', 'Alpheratz(Sirrah)', 0.00, 2.06, 'V', NULL, 1),
(54, 'beta And', 'Mirach', 0.00, 2.06, NULL, NULL, 1),
(55, 'gamma1 And', 'Alamach', 0.00, 2.06, 'll', NULL, 1),
(56, 'theta Cen', 'Haratan(Menkent)', 0.00, 2.06, 'lll', NULL, 19),
(57, 'kappa Ori', 'Saiph', 0.00, 2.06, 'lll', NULL, 60),
(58, 'alpha Oph', 'Ras Alhague', 0.00, 2.08, 'l', NULL, 59),
(59, 'beta UMi', 'Kochab', 0.00, 2.08, 'lll', NULL, 84),
(60, 'beta Gru', 'Al Dhanab', 0.00, 2.10, 'lll', NULL, 39),
(61, 'beta Per', 'Algol', 0.00, 2.12, 'V', NULL, 63),
(62, 'beta Leo', 'Denebola', 0.00, 2.14, 'V', NULL, 46),
(63, 'gamma Cen', 'Koo Low', 0.00, 2.17, 'V', NULL, 19),
(64, 'gamma Cyg', 'Sadr', 0.00, 2.20, 'l', NULL, 31),
(65, 'lambda Vel', 'Suhail', 0.00, 2.21, 'l-ll', NULL, 85),
(66, 'alpha Cas', 'Schedir', 0.00, 2.23, 'lll', NULL, 18),
(67, 'alpha CrB', 'Alphecca (Gemma)', 0.00, 2.23, 'V', NULL, 27),
(68, 'gamma Dra', 'Etamin', 0.00, 2.23, 'lll', NULL, 34),
(69, 'delta Ori', 'Mintaka', 0.00, 2.23, NULL, NULL, 60),
(70, 'beta Cas', 'Caph', 0.00, 2.25, 'lll', NULL, 18),
(71, 'iota Car', 'Tureis(Aspidiske)', 0.00, 2.25, 'l', NULL, 17),
(72, 'zeta Pup', 'Suhail Hadar(Naos)', 0.00, 2.25, 'l', NULL, 68),
(73, 'zeta UMa', 'Mizar', 0.00, 2.27, 'V', NULL, 83),
(74, 'epsilon Sco', 'Wei', 0.00, 2.29, 'lll', NULL, 73),
(75, 'delta Sco', 'Dschubba', 0.00, 2.32, NULL, NULL, 73),
(76, 'beta UMa', 'Merak', 0.00, 2.37, NULL, NULL, 83),
(77, 'alpha Phe', 'Ankaa', 0.00, 2.39, 'lll', NULL, 64),
(78, 'epsilon Peg', 'Enif', 0.00, 2.39, 'l', NULL, 62),
(79, 'kappa Sco', '?', 0.00, 2.41, 'lll', NULL, 73),
(80, 'beta Peg', 'Scheat', 0.00, 2.42, 'lll-l', NULL, 62),
(81, 'alpha Cep', 'Alderamin', 0.00, 2.44, 'V', NULL, 20),
(82, 'gamma UMa', 'Phecda', 0.00, 2.44, 'V', NULL, 83),
(83, 'eta CMa', 'Aludra', 0.00, 2.45, 'l', NULL, 14),
(84, 'gamma Cas', 'Cih', 0.00, 2.47, 'V', NULL, 18),
(85, 'alpha Peg', 'Markab', 0.00, 2.49, 'V', NULL, 62),
(86, 'kappa Vel', 'Cih', 0.00, 2.50, NULL, NULL, 85),
(87, 'Sonne', 'Sonne', 1.00, -26.74, NULL, NULL, 0);

-- --------------------------------------------------------

--
-- Tabellenstruktur für Tabelle `sternbild`
--

CREATE TABLE `sternbild` (
  `id_sternbild` int(10) NOT NULL,
  `name_latein` varchar(50) DEFAULT NULL,
  `name_deutsch` varchar(50) DEFAULT NULL,
  `abkuerzung` varchar(10) DEFAULT NULL,
  `latein_genitiv` varchar(50) DEFAULT NULL,
  `id_astronom` int(10) DEFAULT NULL,
  `tierkreis_von_monat` int(11) DEFAULT NULL,
  `tierkreis_von_tag` int(11) DEFAULT NULL,
  `tierkreis_bis_monat` int(11) DEFAULT NULL,
  `tierkreis_bis_tag` int(11) DEFAULT NULL
) ENGINE=MyISAM DEFAULT CHARSET=latin1 COLLATE=latin1_swedish_ci;

--
-- Daten für Tabelle `sternbild`
--

INSERT INTO `sternbild` (`id_sternbild`, `name_latein`, `name_deutsch`, `abkuerzung`, `latein_genitiv`, `id_astronom`, `tierkreis_von_monat`, `tierkreis_von_tag`, `tierkreis_bis_monat`, `tierkreis_bis_tag`) VALUES
(1, 'Andromeda', 'Andromeda', 'And', 'Andromedae', 79, NULL, NULL, NULL, NULL),
(2, 'Antlia', 'Luftpumpe', 'Ant', 'Antliae', 77, NULL, NULL, NULL, NULL),
(3, 'Apus', 'Paradiesvogel', 'Aps', 'Apodis', 78, NULL, NULL, NULL, NULL),
(4, 'Aquarius', 'Wassermann', 'Aqr', 'Aquarii', 79, 1, 21, 2, 19),
(5, 'Aquila', 'Adler', 'Aql', 'Aquilae', 79, NULL, NULL, NULL, NULL),
(6, 'Ara', 'Altar', 'Ara', 'Arae', 79, NULL, NULL, NULL, NULL),
(7, 'Aries', 'Widder', 'Ari', 'Arietis', 79, 3, 21, 4, 20),
(8, 'Auriga', 'Fuhrmann', 'Aur', 'Aurigae', 79, NULL, NULL, NULL, NULL),
(9, 'Bootes', 'Baerenhueter', 'Boo', 'Boötis', 79, NULL, NULL, NULL, NULL),
(10, 'Caelum', 'Grabstichel', 'Cae', 'Caeli', 77, NULL, NULL, NULL, NULL),
(11, 'Camelopardalis', 'Giraffe', 'Cam', 'Camelopardalis', 78, NULL, NULL, NULL, NULL),
(12, 'Cancer', 'Krebs', 'Cnc', 'Cancri', 79, 6, 22, 7, 22),
(13, 'Canes Venatici', 'Jagdhunde', 'CVn', 'Canum Venaticorum', 76, NULL, NULL, NULL, NULL),
(14, 'Canis Major', 'Großer Hund', 'CMa', 'Canis Majoris', 79, NULL, NULL, NULL, NULL),
(15, 'Canis Minor', 'Kleiner Hund', 'CMi', 'Canis Minoris', 79, NULL, NULL, NULL, NULL),
(16, 'Capricornus', 'Steinbock', 'Cap', 'Capricorni', 79, 12, 22, 1, 20),
(17, 'Carina', 'Kiel des Schiffs', 'Car', 'Carinae', 77, NULL, NULL, NULL, NULL),
(18, 'Cassiopeia', 'Cassiopeia', 'Cas', 'Cassiopeiae', 79, NULL, NULL, NULL, NULL),
(19, 'Centaurus', 'Zentaur', 'Cen', 'Centauri', 79, NULL, NULL, NULL, NULL),
(20, 'Cepheus', 'Kepheus', 'Cep', 'Cephei', 79, NULL, NULL, NULL, NULL),
(21, 'Cetus', 'Walfisch', 'Cet', 'Ceti', 79, NULL, NULL, NULL, NULL),
(22, 'Chamaeleon', 'Chamaeleon', 'Cha', 'Chamaeleontis', 78, NULL, NULL, NULL, NULL),
(23, 'Circinus', 'Zirkel', 'Cir', 'Circini', 77, NULL, NULL, NULL, NULL),
(24, 'Columba', 'Taube', 'Col', 'Columbae', 78, NULL, NULL, NULL, NULL),
(25, 'Coma Berenices', 'Haar der Berenike', 'Com', 'Comae Berenices', 79, NULL, NULL, NULL, NULL),
(26, 'Corona Australis', 'Suedliche Krone', 'CrA', 'Coronae Australis', 79, NULL, NULL, NULL, NULL),
(27, 'Corona Borealis', 'Noerdliche Krone', 'CrB', 'Coronae Borealis', 79, NULL, NULL, NULL, NULL),
(28, 'Corvus', 'Rabe', 'Crv', 'Corvi', 79, NULL, NULL, NULL, NULL),
(29, 'Crater', 'Becher', 'Crt', 'Crateris', 79, NULL, NULL, NULL, NULL),
(30, 'Crux', 'Kreuz des Suedens', 'Cru', 'Crucis Australis', 78, NULL, NULL, NULL, NULL),
(31, 'Cygnus', 'Schwan', 'Cyg', 'Cygni', 79, NULL, NULL, NULL, NULL),
(32, 'Delphinus', 'Delfin', 'Del', 'Delphini', 79, NULL, NULL, NULL, NULL),
(33, 'Dorado', 'Schwertfisch', 'Dor', 'Doradus', 78, NULL, NULL, NULL, NULL),
(34, 'Draco', 'Drache', 'Dra', 'Draconis', 79, NULL, NULL, NULL, NULL),
(35, 'Equuleus', 'Füllen', 'Equ', 'Equulei', 79, NULL, NULL, NULL, NULL),
(36, 'Eridanus', 'Fluss Eridanus', 'Eri', 'Eridani', 79, NULL, NULL, NULL, NULL),
(37, 'Fornax', 'Chemischer Ofen', 'For', 'Fornacis', 77, NULL, NULL, NULL, NULL),
(38, 'Gemini', 'Zwillinge', 'Gem', 'Geminorum', 79, 5, 22, 6, 21),
(39, 'Grus', 'Kranich', 'Gru', 'Gruis', 78, NULL, NULL, NULL, NULL),
(40, 'Hercules', 'Herkules', 'Her', 'Herculis', 79, NULL, NULL, NULL, NULL),
(41, 'Horologium', 'Pendeluhr', 'Hor', 'Horologii', 77, NULL, NULL, NULL, NULL),
(42, 'Hydra', 'Wasserschlange', 'Hya', 'Hydrae', 79, NULL, NULL, NULL, NULL),
(43, 'Hydrus', 'Kleine Wasserschlange', 'Hyi', 'Hydri', 78, NULL, NULL, NULL, NULL),
(44, 'Indus', 'Inder', 'Ind', 'Indi', 78, NULL, NULL, NULL, NULL),
(45, 'Lacerta', 'Eidechse', 'Lac', 'Lacertae', 76, NULL, NULL, NULL, NULL),
(46, 'Leo', 'Loewe', 'Leo', 'Leonis', 79, 7, 23, 8, 23),
(47, 'Leo Minor', 'Kleiner Loewe', 'LMi', 'Leonis Minoris', 76, NULL, NULL, NULL, NULL),
(48, 'Lepus', 'Hase', 'Lep', 'Leporis', 79, NULL, NULL, NULL, NULL),
(49, 'Libra', 'Waage', 'Lib', 'Librae', 79, 9, 24, 10, 23),
(50, 'Lupus', 'Wolf', 'Lup', 'Lupi', 79, NULL, NULL, NULL, NULL),
(51, 'Lynx', 'Luchs', 'Lyn', 'Lyncis', 76, NULL, NULL, NULL, NULL),
(52, 'Lyra', 'Leier', 'Lyr', 'Lyrae', 79, NULL, NULL, NULL, NULL),
(53, 'Mensa', 'Tafelberg', 'Men', 'Mensae', 77, NULL, NULL, NULL, NULL),
(54, 'Microscopium', 'Mikroskop', 'Mic', 'Microscopii', 77, NULL, NULL, NULL, NULL),
(55, 'Monocerus', 'Einhorn', 'Mon', 'Monocerotis', 78, NULL, NULL, NULL, NULL),
(56, 'Musca', 'Fliege', 'Mus', 'Muscae', 78, NULL, NULL, NULL, NULL),
(57, 'Norma', 'Winkelma', 'Nor', 'Normae', 77, NULL, NULL, NULL, NULL),
(58, 'Octans', 'Oktant', 'Oct', 'Octantis', 77, NULL, NULL, NULL, NULL),
(59, 'Ophiuchus', 'Schlangentraeger', 'Oph', 'Ophiuchi', 79, NULL, NULL, NULL, NULL),
(60, 'Orion', 'Orion', 'Ori', 'Orionis', 79, NULL, NULL, NULL, NULL),
(61, 'Pavo', 'Pfau', 'Pav', 'Pavonis', 78, NULL, NULL, NULL, NULL),
(62, 'Pegasus', 'Pegasus', 'Peg', 'Pegasi', 79, NULL, NULL, NULL, NULL),
(63, 'Perseus', 'Perseus', 'Per', 'Persei', 79, NULL, NULL, NULL, NULL),
(64, 'Phoenix', 'Phoenix', 'Phe', 'Phoenicis', 78, NULL, NULL, NULL, NULL),
(65, 'Pictor', 'Maler', 'Pic', 'Pictoris', 77, NULL, NULL, NULL, NULL),
(66, 'Piscis Austrinus', 'Suedlicher Fisch', 'PsA', 'Piscis Austrini', 79, NULL, NULL, NULL, NULL),
(67, 'Pisces', 'Fische', 'Psc', 'Piscium', 79, 2, 20, 3, 20),
(68, 'Puppis', 'Achterdeck des Schiffs', 'Pup', 'Puppis', 77, NULL, NULL, NULL, NULL),
(69, 'Pyxis', 'Schiffskompass', 'Pyx', 'Pyxidis', 77, NULL, NULL, NULL, NULL),
(70, 'Reticulum', 'Netz', 'Ret', 'Reticuli', 77, NULL, NULL, NULL, NULL),
(71, 'Sagitta', 'Pfeil', 'Sge', 'Sagittae', 79, NULL, NULL, NULL, NULL),
(72, 'Sagittarius', 'Schütze', 'Sgr', 'Sagittarii', 79, 11, 23, 12, 21),
(73, 'Scorpius', 'Skorpion', 'Sco', 'Scorpii', 79, 10, 24, 11, 22),
(74, 'Sculptor', 'Bildhauer', 'Scl', 'Sculptoris', 77, NULL, NULL, NULL, NULL),
(75, 'Scutum', 'Schild', 'Sct', 'Scuti', 76, NULL, NULL, NULL, NULL),
(76, 'Serpens', 'Schlange', 'Ser', 'Serpentis', 79, NULL, NULL, NULL, NULL),
(77, 'Sextans', 'Sextant', 'Sex', 'Sextantis', 76, NULL, NULL, NULL, NULL),
(78, 'Taurus', 'Stier', 'Tau', 'Tauri', 79, 4, 21, 5, 21),
(79, 'Telescopium', 'Teleskop', 'Tel', 'Telescopii', 77, NULL, NULL, NULL, NULL),
(80, 'Triangulum Australe', 'Suedliches Dreieck', 'TrA', 'Trianguli Australis', 78, NULL, NULL, NULL, NULL),
(81, 'Triangulum', 'Dreieck', 'Tri', 'Trianguli', 79, NULL, NULL, NULL, NULL),
(82, 'Tucana', 'Tukan', 'Tuc', 'Tucanae', 78, NULL, NULL, NULL, NULL),
(83, 'Ursa Major', 'Großer Bär', 'UMa', 'Ursae Maioris', 79, NULL, NULL, NULL, NULL),
(84, 'Ursa Minor', 'Kleiner Bär', 'UMi', 'Ursae Minoris', 79, NULL, NULL, NULL, NULL),
(85, 'Vela', 'Segel des Schiffs', 'Vel', 'Velorum', 77, NULL, NULL, NULL, NULL),
(86, 'Virgo', 'Jungfrau', 'Vir', 'Virginis', 79, 8, 24, 9, 23),
(87, 'Volans', 'Fliegender Fisch', 'Vol', 'Volantis', 78, NULL, NULL, NULL, NULL),
(88, 'Vulpecula', 'Fuchs', 'Vul', 'Vulpeculae', 76, NULL, NULL, NULL, NULL);

-- --------------------------------------------------------

--
-- Tabellenstruktur für Tabelle `stoff`
--

CREATE TABLE `stoff` (
  `id_stoff` int(10) NOT NULL,
  `name` varchar(50) DEFAULT NULL,
  `formel` varchar(20) DEFAULT NULL,
  `siedetemperatur` int(10) DEFAULT NULL
) ENGINE=MyISAM DEFAULT CHARSET=latin1 COLLATE=latin1_swedish_ci;

--
-- Daten für Tabelle `stoff`
--

INSERT INTO `stoff` (`id_stoff`, `name`, `formel`, `siedetemperatur`) VALUES
(1, 'Sauerstoff', 'O2', 90),
(2, 'Stickstoff', 'N2', 77),
(3, 'Argon', 'Ar', 87),
(4, 'Kohlendioxyd', 'CO2', 97),
(5, 'Wasserstoff', 'H2', 20),
(6, 'Helium', 'He', 4),
(7, 'Natrium', 'Na', 1156),
(8, 'Methan', 'CH4', 111),
(9, 'Ammoniak', 'NH3', 245);

-- --------------------------------------------------------

--
-- Tabellenstruktur für Tabelle `zwergplanet`
--

CREATE TABLE `zwergplanet` (
  `id_zwergplanet` int(11) NOT NULL,
  `name` varchar(30) NOT NULL DEFAULT '',
  `stern` varchar(30) NOT NULL,
  `masse` float DEFAULT NULL,
  `durchmesser` float DEFAULT NULL,
  `dichte` float DEFAULT NULL,
  `aphel` float DEFAULT NULL,
  `perihel` float DEFAULT NULL
) ENGINE=MyISAM DEFAULT CHARSET=latin1 COLLATE=latin1_swedish_ci;

--
-- Daten für Tabelle `zwergplanet`
--

INSERT INTO `zwergplanet` (`id_zwergplanet`, `name`, `stern`, `masse`, `durchmesser`, `dichte`, `aphel`, `perihel`) VALUES
(1, 'Ceres', 'Sonne', 9.5e20, 975, 2.077, NULL, NULL),
(2, 'Eris', 'Sonne', 1.5e22, 2400, 2, NULL, NULL),
(3, 'Pluto', 'Sonne', 1.305e22, 2304, 2.03, NULL, NULL),
(4, '2005 FY9 Easterbunny', 'Sonne', 6e21, 1800, NULL, NULL, NULL),
(5, '2003 EL61 Santa', 'Sonne', 3.9e21, 1500, NULL, NULL, NULL),
(6, 'Orcus', 'Sonne', 3e21, 1400, NULL, NULL, NULL),
(7, 'Sedna', 'Sonne', 3e21, 1400, NULL, NULL, NULL),
(8, 'Quaoar', 'Sonne', 2e21, 1250, NULL, NULL, NULL),
(9, '2002 TC302', 'Sonne', 1e21, 1100, NULL, NULL, NULL),
(10, '2002 UX25', 'Sonne', 7.9e20, 938, NULL, NULL, NULL),
(11, 'Varuna', 'Sonne', 5.9e20, 900, NULL, NULL, NULL),
(12, '2002 TC300', 'Sonne', 4e20, 850, NULL, NULL, NULL),
(13, '2002 AW197', 'Sonne', 3e20, 800, NULL, NULL, NULL),
(14, 'Vesta', 'Sonne', 2.6e20, 578, NULL, NULL, NULL),
(15, 'Pallas', 'Sonne', 2.2e20, 574, NULL, NULL, NULL);

--
-- Indizes der exportierten Tabellen
--

--
-- Indizes für die Tabelle `astronom`
--
ALTER TABLE `astronom`
  ADD PRIMARY KEY (`id_astronom`);

--
-- Indizes für die Tabelle `atmosphaere`
--
ALTER TABLE `atmosphaere`
  ADD PRIMARY KEY (`id`),
  ADD KEY `PLANETATMOSPHAERE` (`id_planet`),
  ADD KEY `STOFFATMOSPHAERE` (`id_stoff`);

--
-- Indizes für die Tabelle `aufgaben`
--
ALTER TABLE `aufgaben`
  ADD PRIMARY KEY (`id`);

--
-- Indizes für die Tabelle `hat_entdeckt_mond`
--
ALTER TABLE `hat_entdeckt_mond`
  ADD PRIMARY KEY (`id`),
  ADD KEY `ASTRONOMHAT_ENTDECKT_MOND` (`id_astronom`),
  ADD KEY `MONDHAT_ENTDECKT_MOND` (`id_mond`);

--
-- Indizes für die Tabelle `horoskop`
--
ALTER TABLE `horoskop`
  ADD PRIMARY KEY (`id_horoskop`);

--
-- Indizes für die Tabelle `mission`
--
ALTER TABLE `mission`
  ADD PRIMARY KEY (`id_mission`);

--
-- Indizes für die Tabelle `mond`
--
ALTER TABLE `mond`
  ADD PRIMARY KEY (`id_mond`);

--
-- Indizes für die Tabelle `nahm_teil_an`
--
ALTER TABLE `nahm_teil_an`
  ADD PRIMARY KEY (`id`),
  ADD KEY `MISSIONNAHM_TEIL_AN` (`id_mission`),
  ADD KEY `RAUMFAHRERNAHM_TEIL_AN` (`id_raumfahrer`);

--
-- Indizes für die Tabelle `planet`
--
ALTER TABLE `planet`
  ADD PRIMARY KEY (`id_planet`),
  ADD KEY `STERNPLANET` (`id_stern`);

--
-- Indizes für die Tabelle `raumfahrer`
--
ALTER TABLE `raumfahrer`
  ADD PRIMARY KEY (`id_raumfahrer`);

--
-- Indizes für die Tabelle `spektralklasse`
--
ALTER TABLE `spektralklasse`
  ADD PRIMARY KEY (`s_klasse`);

--
-- Indizes für die Tabelle `stern`
--
ALTER TABLE `stern`
  ADD PRIMARY KEY (`id_stern`),
  ADD KEY `SPEKTRALKLASSESTERN` (`s_klasse`);

--
-- Indizes für die Tabelle `sternbild`
--
ALTER TABLE `sternbild`
  ADD PRIMARY KEY (`id_sternbild`),
  ADD KEY `ASTRONOMSTERNBILD` (`id_astronom`);

--
-- Indizes für die Tabelle `stoff`
--
ALTER TABLE `stoff`
  ADD PRIMARY KEY (`id_stoff`);

--
-- Indizes für die Tabelle `zwergplanet`
--
ALTER TABLE `zwergplanet`
  ADD PRIMARY KEY (`id_zwergplanet`);

--
-- AUTO_INCREMENT für exportierte Tabellen
--

--
-- AUTO_INCREMENT für Tabelle `aufgaben`
--
ALTER TABLE `aufgaben`
  MODIFY `id` int(11) NOT NULL AUTO_INCREMENT, AUTO_INCREMENT=202;

--
-- AUTO_INCREMENT für Tabelle `mond`
--
ALTER TABLE `mond`
  MODIFY `id_mond` int(11) NOT NULL AUTO_INCREMENT, AUTO_INCREMENT=144;

--
-- AUTO_INCREMENT für Tabelle `stern`
--
ALTER TABLE `stern`
  MODIFY `id_stern` int(10) NOT NULL AUTO_INCREMENT, AUTO_INCREMENT=115;

--
-- AUTO_INCREMENT für Tabelle `sternbild`
--
ALTER TABLE `sternbild`
  MODIFY `id_sternbild` int(10) NOT NULL AUTO_INCREMENT, AUTO_INCREMENT=89;

--
-- AUTO_INCREMENT für Tabelle `zwergplanet`
--
ALTER TABLE `zwergplanet`
  MODIFY `id_zwergplanet` int(11) NOT NULL AUTO_INCREMENT, AUTO_INCREMENT=16;
COMMIT;

/*!40101 SET CHARACTER_SET_CLIENT=@OLD_CHARACTER_SET_CLIENT */;
/*!40101 SET CHARACTER_SET_RESULTS=@OLD_CHARACTER_SET_RESULTS */;
/*!40101 SET COLLATION_CONNECTION=@OLD_COLLATION_CONNECTION */;
